
True
Is 72 a factor of 470?
False
Is 2544 a multiple of 159?
True
Is 10380 a multiple of 3?
True
Does 60 divide 2760?
True
Is 50905 a multiple of 118?
False
Does 29 divide 5915?
False
Is 96 even?
True
Does 3 divide 1363?
False
Does 35 divide 9752?
False
Is 260 even?
True
Is 840 a multiple of 56?
True
Is 352 a multiple of 16?
True
Is 8 a factor of 830?
False
Does 10 divide 300?
True
Is 62 a factor of 304?
False
Is 113 a factor of 15031?
False
Does 128 divide 1536?
True
Is 86034 a multiple of 13?
True
Is 49196 a multiple of 28?
True
Is 13 a factor of 636?
False
Is 2 a factor of 1452?
True
Does 20 divide 1400?
True
Is 12 a factor of 211?
False
Is 3074 a multiple of 7?
False
Is 15 a factor of 208?
False
Does 16 divide 171?
False
Is 47 a factor of 2199?
False
Does 4 divide 268?
True
Does 50 divide 11683?
False
Does 8 divide 17681?
False
Does 66 divide 24937?
False
Is 209 a multiple of 21?
False
Is 10590 a multiple of 30?
True
Is 13 a factor of 2760?
False
Is 1260 a multiple of 60?
True
Is 64 a factor of 4992?
True
Is 6380 a multiple of 220?
True
Is 10 a factor of 90?
True
Is 10 a factor of 2859?
False
Is 275 a factor of 109042?
False
Is 3494 a multiple of 14?
False
Is 35365 a multiple of 240?
False
Does 77 divide 385?
True
Is 496 a multiple of 5?
False
Is 4017 a multiple of 13?
True
Is 252 a multiple of 30?
False
Does 22 divide 1584?
True
Is 10 a factor of 10169?
False
Is 16 a factor of 205?
False
Is 720 a multiple of 24?
True
Does 23 divide 5853?
False
Is 111 a multiple of 11?
False
Is 216 a multiple of 5?
False
Does 18 divide 1447?
False
Does 48 divide 1142?
False
Is 4 a factor of 12?
True
Does 29 divide 2794?
False
Is 29 a factor of 1150?
False
Does 22 divide 5280?
True
Does 14 divide 1876?
True
Does 48 divide 1613?
False
Is 1159 a multiple of 23?
False
Is 41 a factor of 14723?
False
Is 1677 a multiple of 61?
False
Does 140 divide 14279?
False
Is 2452 a multiple of 38?
False
Is 71 a factor of 779?
False
Does 26 divide 4082?
True
Is 11052 a multiple of 12?
True
Does 26 divide 884?
True
Does 5 divide 10126?
False
Is 7706 a multiple of 18?
False
Does 13 divide 14424?
False
Does 5 divide 5223?
False
Is 1476 a multiple of 17?
False
Is 528 a multiple of 6?
True
Does 29 divide 2053?
False
Is 20 a factor of 2399?
False
Is 10904 a multiple of 116?
True
Does 7 divide 581?
True
Is 14 a factor of 2447?
False
Is 15 a factor of 150?
True
Is 59 a factor of 12862?
True
Is 70 a factor of 5320?
True
Is 1015 a multiple of 16?
False
Is 2986 a multiple of 13?
False
Is 198068 a multiple of 13?
True
Is 94 a factor of 9588?
True
Does 159 divide 13197?
True
Is 38 a factor of 2546?
True
Is 27096 a multiple of 18?
False
Is 12320 a multiple of 22?
True
Is 2924 a multiple of 86?
True
Is 258 a multiple of 68?
False
Is 2628 a multiple of 24?
False
Is 74 a factor of 13320?
True
Does 45 divide 45585?
True
Is 18 a factor of 21960?
True
Is 58 a factor of 54172?
True
Is 19 a factor of 67495?
False
Is 812 a multiple of 29?
True
Is 3116 a multiple of 4?
True
Is 38 a multiple of 16?
False
Is 16900 a multiple of 86?
False
Is 16 a factor of 49388?
False
Is 6710 a multiple of 70?
False
Is 1326 a multiple of 102?
True
Is 1584 a multiple of 88?
True
Is 1392 a multiple of 29?
True
Does 24 divide 6919?
False
Is 1380 a multiple of 25?
False
Does 62 divide 2876?
False
Does 3 divide 321?
True
Does 76 divide 705?
False
Does 73 divide 21900?
True
Is 28652 a multiple of 38?
True
Is 400 a multiple of 22?
False
Is 62 a factor of 2271?
False
Is 63 a factor of 11918?
False
Does 18 divide 13302?
True
Does 27 divide 1058?
False
Does 103 divide 28287?
False
Is 21 a factor of 924?
True
Is 7 a factor of 3153?
False
Is 288 a multiple of 6?
True
Is 94 a factor of 2186?
False
Is 15 a factor of 180?
True
Is 2688 a multiple of 42?
True
Is 1612 a multiple of 31?
True
Is 22 a factor of 12496?
True
Is 82836 a multiple of 234?
True
Does 22 divide 17952?
True
Is 236 a multiple of 4?
True
Is 711 a multiple of 26?
False
Is 26 a factor of 754?
True
Does 68 divide 2913?
False
Does 7 divide 242?
False
Does 15 divide 305?
False
Does 65 divide 2023?
False
Is 385 a multiple of 34?
False
Is 228 a multiple of 3?
True
Is 27774 a multiple of 8?
False
Is 5282 a multiple of 38?
True
Does 5 divide 140?
True
Is 11 a factor of 924?
True
Is 500 a multiple of 50?
True
Is 5 a factor of 437?
False
Does 31 divide 9238?
True
Does 341 divide 106216?
False
Is 5772 a multiple of 17?
False
Does 10 divide 9153?
False
Does 16 divide 5553?
False
Is 663 a multiple of 22?
False
Is 19 a factor of 1254?
True
Does 20 divide 68114?
False
Is 4749 a multiple of 80?
False
Is 72 a factor of 10224?
True
Is 200 a factor of 25000?
True
Is 1566 a multiple of 18?
True
Is 156 a multiple of 26?
True
Does 7 divide 79?
False
Does 59 divide 885?
True
Is 5 a factor of 1069?
False
Is 9 a factor of 50247?
True
Does 32 divide 192?
True
Is 21 a factor of 819?
True
Is 37037 a multiple of 13?
True
Is 23 a factor of 52578?
True
Is 1452 a multiple of 6?
True
Is 2232 a multiple of 72?
True
Is 16 a factor of 15792?
True
Does 4 divide 1712?
True
Is 75 a factor of 11925?
True
Does 92 divide 99010?
False
Is 105 a factor of 5293?
False
Is 7821 a multiple of 9?
True
Is 16 a factor of 13236?
False
Does 66 divide 1122?
True
Is 67940 a multiple of 43?
True
Is 8766 a multiple of 41?
False
Does 20 divide 20?
True
Does 2 divide 2016?
True
Does 4 divide 27?
False
Is 248 a factor of 17499?
False
Does 18 divide 84996?
True
Is 81 a factor of 4147?
False
Does 93 divide 33294?
True
Is 4 a factor of 2355?
False
Does 15 divide 375?
True
Does 149 divide 3302?
False
Does 12 divide 132?
True
Is 2 a factor of 6773?
False
Is 200 a factor of 39960?
False
Does 21 divide 117?
False
Does 304 divide 50623?
False
Is 29304 a multiple of 8?
True
Is 298 a multiple of 4?
False
Is 46 a factor of 16655?
False
Is 57 a factor of 493?
False
Is 13 a factor of 4030?
True
Does 60 divide 1260?
True
Does 24 divide 3744?
True
Is 7859 a multiple of 12?
False
Is 70 a factor of 4061?
False
Is 48 a factor of 2256?
True
Is 557 a multiple of 25?
False
Does 7 divide 15036?
True
Is 11 a factor of 1583?
False
Does 60 divide 22100?
False
Is 72 a factor of 1899?
False
Does 4 divide 4228?
True
Is 19 a factor of 1878?
False
Does 54 divide 245?
False
Does 49 divide 4901?
False
Is 10 a factor of 5534?
False
Is 4 a factor of 176?
True
Does 30 divide 360?
True
Is 4768 a multiple of 14?
False
Is 112397 a multiple of 22?
False
Is 2355 a multiple of 6?
False
Does 8 divide 1532?
False
Is 3 a factor of 20417?
False
Is 14 a factor of 45542?
True
Does 4 divide 1180?
True
Is 14 a factor of 62692?
True
Is 820 a multiple of 20?
True
Is 24836 a multiple of 28?
True
Does 30 divide 86259?
False
Is 21 a factor of 2814?
True
Is 2244 a multiple of 5?
False
Does 42 divide 2814?
True
Is 780 a multiple of 13?
True
Does 87 divide 2871?
True
Is 23 a factor of 4453?
False
Does 2 divide 58?
True
Is 100 a factor of 3300?
True
Does 37 divide 771?
False
Does 20 divide 1020?
True
Does 27 divide 75?
False
Is 10 a factor of 30450?
True
Is 4104 a multiple of 18?
True
Is 376 a multiple of 4?
True
Is 27 a factor of 584?
False
Is 1384 a multiple of 6?
False
Does 129 divide 45461?
False
Is 14 a factor of 756?
True
Is 2737 a multiple of 11?
False
Is 3806 a multiple of 14?
False
Is 25 a factor of 2909?
False
Is 57 a factor of 38988?
True
Is 96 a factor of 34256?
False
Does 15 divide 55892?
False
Does 13 divide 2250?
False
Does 97 divide 388?
True
Is 72 a factor of 77472?
True
Is 64767 a multiple of 10?
False
Does 6 divide 3552?
True
Is 102080 a multiple of 58?
True
Is 29 a factor of 1162?
False
Is 6 a factor of 43296?
True
Is 8880 a multiple of 20?
True
Does 19 divide 399?
True
Does 48 divide 672?
True
Does 14 divide 11998?
True
Does 60 divide 5688?
False
Does 46 divide 438?
False
Does 40 divide 88799?
False
Is 2 a factor of 3819?
False
Is 660 a multiple of 22?
True
Is 11664 a multiple of 8?
True
Is 222 a factor of 21978?
True
Is 3287 a multiple of 61?
False
Is 3222 a multiple of 179?
True
Does 110 divide 3190?
True
Is 9 a factor of 18720?
True
Is 634 a multiple of 15?
False
Does 93 divide 2325?
True
Does 19 divide 6935?
True
Is 7493 a multiple of 17?
False
Does 9 divide 28309?
False
Does 75 divide 900?
True
Is 89 a factor of 42631?
True
Is 2808 a multiple of 26?
T